 divided by 80.
77
Calculate the remainder when 10349613 is divided by 689973.
18
What is the remainder when 10244867 is divided by 1370?
7
What is the remainder when 60184 is divided by 2255?
1554
Calculate the remainder when 86309 is divided by 5338.
901
What is the remainder when 13450531 is divided by 355?
291
What is the remainder when 125512 is divided by 26?
10
What is the remainder when 16790294 is divided by 16?
6
Calculate the remainder when 158570781 is divided by 23.
18
What is the remainder when 10213782 is divided by 138024?
6
Calculate the remainder when 799824 is divided by 244.
236
Calculate the remainder when 4764934 is divided by 545.
544
Calculate the remainder when 223024619 is divided by 74341537.
8
Calculate the remainder when 74211548 is divided by 1075.
1073
Calculate the remainder when 113966741 is divided by 38.
29
Calculate the remainder when 18649750 is divided by 3.
1
Calculate the remainder when 252268 is divided by 252240.
28
What is the remainder when 820633455 is divided by 807?
804
Calculate the remainder when 200351457 is divided by 87912.
9
What is the remainder when 71779 is divided by 4481?
83
Calculate the remainder when 61327401 is divided by 30663694.
13
What is the remainder when 307577120 is divided by 1929?
1928
Calculate the remainder when 1677440 is divided by 10.
0
Calculate the remainder when 481181 is divided by 193.
32
What is the remainder when 6688 is divided by 21?
10
What is the remainder when 1511269 is divided by 4115?
1064
What is the remainder when 1493419 is divided by 108?
103
Calculate the remainder when 2473 is divided by 619.
616
What is the remainder when 160044 is divided by 6333?
1719
What is the remainder when 6429336 is divided by 549?
546
What is the remainder when 766926 is divided by 510?
396
Calculate the remainder when 23382047 is divided by 721.
17
What is the remainder when 119019 is divided by 206?
157
Calculate the remainder when 306271 is divided by 3602.
101
Calculate the remainder when 412838 is divided by 1315.
1243
What is the remainder when 382111 is divided by 243?
115
What is the remainder when 34820 is divided by 80?
20
What is the remainder when 1917888 is divided by 19772?
4
What is the remainder when 30743 is divided by 7502?
735
What is the remainder when 92195 is divided by 21?
5
Calculate the remainder when 24681 is divided by 24658.
23
Calculate the remainder when 13624426 is divided by 3406078.
114
Calculate the remainder when 887137 is divided by 9.
7
What is the remainder when 33682246 is divided by 366?
364
What is the remainder when 1053982371 is divided by 274?
271
What is the remainder when 12486507 is divided by 281?
272
What is the remainder when 362969 is divided by 8642?
5
Calculate the remainder when 29628 is divided by 2557.
1501
Calculate the remainder when 771853 is divided by 49.
5
Calculate the remainder when 2076379 is divided by 18369.
682
Calculate the remainder when 173306593 is divided by 35.
33
Calculate the remainder when 625252 is divided by 5684.
12
Calculate the remainder when 22098357 is divided by 16.
5
Calculate the remainder when 11514093 is divided by 933.
873
Calculate the remainder when 40002744 is divided by 7.
5
What is the remainder when 332118 is divided by 7907?
24
What is the remainder when 78364979 is divided by 1017727?
0
Calculate the remainder when 426795 is divided by 8046.
357
What is the remainder when 33910 is divided by 4809?
247
Calculate the remainder when 21092661 is divided by 4216.
13
Calculate the remainder when 31926991 is divided by 1000.
991
Calculate the remainder when 4756843 is divided by 1189209.
7
Calculate the remainder when 333790 is divided by 628.
322
Calculate the remainder when 52103 is divided by 762.
287
Calculate the remainder when 1017344 is divided by 52.
16
What is the remainder when 41942981 is divided by 177?
176
What is the remainder when 1633509 is divided by 732?
417
What is the remainder when 9625209 is divided by 3208382?
63
Calculate the remainder when 27536 is divided by 5483.
121
What is the remainder when 476339056 is divided by 20?
16
Calculate the remainder when 173080 is divided by 3679.
167
Calculate the remainder when 13587 is divided by 2369.
1742
What is the remainder when 964716 is divided by 161?
4
Calculate the remainder when 1479294 is divided by 1991.
1972
Calculate the remainder when 82986398 is divided by 2800.
2798
What is the remainder when 959167 is divided by 73607?
2276
What is the remainder when 280742 is divided by 46516?
1646
Calculate the remainder when 134387 is divided by 347.
98
What is the remainder when 555141 is divided by 138771?
57
What is the remainder when 7489 is divided by 1946?
1651
What is the remainder when 64881982 is divided by 572?
22
Calculate the remainder when 477749081 is divided by 226.
223
What is the remainder when 308300 is divided by 645?
635
Calculate the remainder when 2293233571 is divided by 28.
27
Calculate the remainder when 13023 is divided by 1504.
991
Calculate the remainder when 529364 is divided by 518.
486
What is the remainder when 1836529 is divided by 663?
19
What is the remainder when 568358 is divided by 37885?
83
What is the remainder when 103609 is divided by 7944?
337
What is the remainder when 3324212 is divided by 1662100?
12
Calculate the remainder when 42212357 is divided by 9909.
17
What is the remainder when 958279 is divided by 2026?
2007
What is the remainder when 13533540 is divided by 386?
380
Calculate the remainder when 1622701 is divided by 341.
223
Calculate the remainder when 46303 is divided by 517.
290
What is the remainder when 745392 is divided by 2373?
270
Calculate the remainder when 6155113 is divided by 40494.
25
Calculate the remainder when 5700801 is divided by 12.
9
Calculate the remainder when 19235846 is divided by 1215.
1181
Calculate the remainder when 5908659 is divided by 618.
579
What is the remainder when 37207 is divided by 3482?
2387
What is the remainder when 104054 is divided by 2788?
898
Calculate the remainder when 247365213 is divided by 1633.
6
Calculate the remainder when 11561768 is divided by 13.
10
What is the remainder when 150585 is divided by 14842?
2165
What is the remainder when 14154 is divided by 727?
341
Calculate the remainder when 253393 is divided by 280.
273
Calculate the remainder when 999061 is divided by 332944.
229
Calculate the remainder when 470432 is divided by 2140.
1772
What is the remainder when 160279 is divided by 32037?
94
What is the remainder when 30583 is divided by 30545?
38
What is the remainder when 31403595 is divided by 40?
35
What is the remainder when 172266 is divided by 6376?
114
Calculate the remainder when 372003 is divided by 66.
27
What is the remainder when 1723266 is divided by 57?
42
What is the remainder when 40652 is divided by 666?
26
What is the remainder when 4005334 is divided by 1314?
262
What is the remainder when 917166 is divided by 121?
107
What is the remainder when 6852897 is divided by 5172?
5169
Calculate the remainder when 517929 is divided by 240.
9
Calculate the remainder when 6311871 is divided by 286.
137
Calculate the remainder when 1947338 is divided by 4856.
82
What is the remainder when 51786584 is divided by 539?
3
What is the remainder when 44536987 is divided by 40?
27
What is the remainder when 670466 is divided by 18553?
2558
What is the remainder when 10246 is divided by 3204?
634
What is the remainder when 461162218 is divided by 103?
9
What is the remainder when 213087143 is divided by 106543562?
19
What is the remainder when 1903991 is divided by 57696?
23
What is the remainder when 2160201 is divided by 1649?
11
What is the remainder when 10827983 is divided by 220979?
12
Calculate the remainder when 102305 is divided by 7859.
138
What is the remainder when 1990189 is divided by 994825?
539
Calculate the remainder when 1397251 is divided by 639.
397
What is the remainder when 151130 is divided by 24453?
4412
What is the remainder when 535982 is divided by 5825?
82
What is the remainder when 3854041 is divided by 28?
9
What is the remainder when 42912184 is divided by 71?
68
What is the remainder when 13481 is divided by 3118?
1009
What is the remainder when 152377375 is d